100 is divided by 20?
0
Calculate the remainder when 128 is divided by 19.
14
What is the remainder when 106 is divided by 23?
14
Calculate the remainder when 1189 is divided by 14.
13
What is the remainder when 56 is divided by 47?
9
What is the remainder when 534 is divided by 141?
111
What is the remainder when 402 is divided by 69?
57
What is the remainder when 1550 is divided by 140?
10
What is the remainder when 1742 is divided by 21?
20
What is the remainder when 2077 is divided by 104?
101
Calculate the remainder when 793 is divided by 206.
175
Calculate the remainder when 91 is divided by 32.
27
What is the remainder when 1292 is divided by 224?
172
What is the remainder when 618 is divided by 43?
16
What is the remainder when 1098 is divided by 100?
98
What is the remainder when 442 is divided by 37?
35
Calculate the remainder when 402 is divided by 45.
42
What is the remainder when 598 is divided by 290?
18
What is the remainder when 658 is divided by 355?
303
Calculate the remainder when 252 is divided by 121.
10
Calculate the remainder when 333 is divided by 16.
13
What is the remainder when 781 is divided by 28?
25
What is the remainder when 86 is divided by 82?
4
Calculate the remainder when 48 is divided by 19.
10
What is the remainder when 2439 is divided by 26?
21
What is the remainder when 7517 is divided by 103?
101
Calculate the remainder when 1036 is divided by 340.
16
Calculate the remainder when 296 is divided by 60.
56
Calculate the remainder when 328 is divided by 162.
4
Calculate the remainder when 62 is divided by 31.
0
Calculate the remainder when 55 is divided by 16.
7
What is the remainder when 2384 is divided by 53?
52
Calculate the remainder when 1159 is divided by 1114.
45
What is the remainder when 5155 is divided by 86?
81
Calculate the remainder when 428 is divided by 206.
16
What is the remainder when 381 is divided by 16?
13
What is the remainder when 12 is divided by 2?
0
What is the remainder when 577 is divided by 60?
37
Calculate the remainder when 1241 is divided by 371.
128
What is the remainder when 413 is divided by 227?
186
Calculate the remainder when 1911 is divided by 192.
183
Calculate the remainder when 771 is divided by 131.
116
What is the remainder when 2532 is divided by 149?
148
What is the remainder when 18 is divided by 3?
0
What is the remainder when 186 is divided by 52?
30
What is the remainder when 219 is divided by 37?
34
Calculate the remainder when 198 is divided by 67.
64
What is the remainder when 111 is divided by 68?
43
Calculate the remainder when 9720 is divided by 3237.
9
What is the remainder when 158 is divided by 7?
4
Calculate the remainder when 143 is divided by 24.
23
What is the remainder when 99 is divided by 85?
14
What is the remainder when 458 is divided by 428?
30
Calculate the remainder when 628 is divided by 14.
12
What is the remainder when 166 is divided by 28?
26
Calculate the remainder when 1127 is divided by 126.
119
What is the remainder when 601 is divided by 86?
85
Calculate the remainder when 14254 is divided by 33.
31
What is the remainder when 354 is divided by 15?
9
What is the remainder when 16785 is divided by 77?
76
What is the remainder when 22 is divided by 13?
9
What is the remainder when 155 is divided by 35?
15
Calculate the remainder when 57 is divided by 30.
27
Calculate the remainder when 8127 is divided by 16.
15
What is the remainder when 85 is divided by 19?
9
What is the remainder when 282 is divided by 97?
88
Calculate the remainder when 144 is divided by 51.
42
Calculate the remainder when 30 is divided by 12.
6
Calculate the remainder when 1116 is divided by 13.
11
Calculate the remainder when 169 is divided by 58.
53
Calculate the remainder when 426 is divided by 139.
9
What is the remainder when 6770 is divided by 13?
10
Calculate the remainder when 948 is divided by 19.
17
What is the remainder when 283 is divided by 57?
55
Calculate the remainder when 257 is divided by 27.
14
What is the remainder when 269 is divided by 86?
11
Calculate the remainder when 81 is divided by 35.
11
What is the remainder when 676 is divided by 36?
28
Calculate the remainder when 2175 is divided by 699.
78
What is the remainder when 308 is divided by 53?
43
Calculate the remainder when 2956 is divided by 19.
11
What is the remainder when 16882 is divided by 12?
10
What is the remainder when 40 is divided by 28?
12
Calculate the remainder when 829 is divided by 168.
157
What is the remainder when 76 is divided by 41?
35
Calculate the remainder when 9547 is divided by 18.
7
What is the remainder when 266 is divided by 19?
0
What is the remainder when 697 is divided by 28?
25
What is the remainder when 48 is divided by 20?
8
Calculate the remainder when 330 is divided by 7.
1
What is the remainder when 273 is divided by 55?
53
Calculate the remainder when 91 is divided by 40.
11
Calculate the remainder when 2531 is divided by 2531.
0
Calculate the remainder when 542 is divided by 16.
14
Calculate the remainder when 86 is divided by 15.
11
Calculate the remainder when 14784 is divided by 31.
28
Calculate the remainder when 367 is divided by 22.
15
Calculate the remainder when 106 is divided by 54.
52
Calculate the remainder when 807 is divided by 45.
42
What is the remainder when 1317 is divided by 11?
8
Calculate the remainder when 234 is divided by 59.
57
Calculate the remainder when 470 is divided by 10.
0
Calculate the remainder when 230 is divided by 59.
53
Calculate the remainder when 3670 is divided by 11.
7
Calculate the remainder when 1572 is divided by 88.
76
Calculate the remainder when 704 is divided by 141.
140
What is the remainder when 547 is divided by 89?
13
What is the remainder when 156 is divided by 8?
4
Calculate the remainder when 198 is divided by 21.
9
Calculate the remainder when 548 is divided by 255.
38
Calculate the remainder when 428 is divided by 143.
142
Calculate the remainder when 899 is divided by 20.
19
Calculate the remainder when 836 is divided by 277.
5
What is the remainder when 371 is divided by 99?
74
What is the remainder when 5814 is divided by 1160?
14
What is the remainder when 447 is divided by 18?
15
Calculate the remainder when 1967 is divided by 33.
20
What is the remainder when 1751 is divided by 22?
13
Calculate the remainder when 755 is divided by 18.
17
Calculate the remainder when 552 is divided by 79.
78
Calculate the remainder when 41623 is divided by 13.
10
Calculate the remainder when 308 is divided by 153.
2
What is the remainder when 181 is divided by 31?
26
What is the remainder when 645 is divided by 17?
16
Calculate the remainder when 229 is divided by 49.
33
What is the remainder when 2878 is divided by 131?
127
Calculate the remainder when 151 is divided by 98.
53
What is the remainder when 822 is divided by 145?
97
What is the remainder when 79 is divided by 11?
2
What is the remainder when 581 is divided by 575?
6
Calculate the remainder when 3849 is divided by 154.
153
What is the remainder when 4932 is divided by 47?
44
What is the remainder when 146 is divided by 76?
70
Calculate the remainder when 1641 is divided by 819.
3
What is the remainder when 224 is divided by 45?
44
Calculate the remainder when 190 is divided by 25.
15
What is the remainder when 317 is divided by 243?
74
Calculate the remainder when 1485 is divided by 48.
45
Calculate the remainder when 80 is divided by 30.
20
Calculate the remainder when 303 is divided by 68.
31
What is the remainder when 425 is divided by 55?
40
Calculate the remainder when 42 is divided by 30.
12
What is the remainder when 321 is divided by 294?
27
What is the remainder when 60 is divided by 8?
4
Calculate the remainder when 2804 is divided by 23.
21
Calculate the remainder when 12994 is divided by 171.
169
Calculate the remainder when 14 is divided by 9.
5
Calculate the remainder when 23 is divided by 17.
6
Calculate the remainder when 322 is divided by 82.
76
Calculate the remainder when 453 is divided by 2.
1
Calculate the remainder when 323 is divided by 154.
15
What is the remainder when 155 is divided by 119?
36
Calculate the remainder when 18374 is divided by 175.
174
Calculate the remainder when 250 is divided by 9.
7
What